 - 7032686?
-7032687
In base 2, what is -10000001110100 - 1010010100001?
-11010100010101
In base 15, what is 77 + e12d?
e1a5
In base 2, what is 100001 - -10110001111101111011010?
10110001111101111111011
In base 13, what is 3 - 1783b1b?
-1783b18
In base 2, what is 111101000100001111 - -101010101?
111101001001100100
In base 2, what is 111110110110011000010 + -10?
111110110110011000000
In base 13, what is -33 - 28908?
-2893b
In base 8, what is 214 - -5746?
6162
In base 11, what is 3931a + 2?
39321
In base 11, what is -11a25a72 + 2?
-11a25a70
In base 14, what is d2930 - 32?
d28dc
In base 12, what is -146a6 - 612?
-150b8
In base 12, what is -143 - -30110?
2bb89
In base 12, what is -4619 + -75a3?
-10000
In base 3, what is -1111 + -11011011022011?
-11011011100122
In base 3, what is 110121 + -221011112221?
-221011002100
In base 6, what is -2 - -5151535?
5151533
In base 6, what is -11142 + -45533?
-101115
In base 13, what is -376 - -973?
5ca
In base 6, what is 230021320 - -11?
230021331
In base 4, what is 3 + -1331033302?
-1331033233
In base 16, what is -114 + a965?
a851
In base 3, what is 22211211 - 120110?
22021101
In base 7, what is -2 + 10622061?
10622056
In base 7, what is -625004 - -11?
-624663
In base 6, what is -514553413 - -4?
-514553405
In base 16, what is 3 - 37e64e2?
-37e64df
In base 16, what is -c14766 - 3?
-c14769
In base 8, what is 212266 - -4313?
216601
In base 15, what is -d - 1eaccc0?
-1eacccd
In base 3, what is -1002222 + -200020012100?
-200021022022
In base 2, what is 10001010011011000 + -1000010001?
10001001011000111
In base 13, what is -21 + -8b02325?
-8b02346
In base 4, what is -10031010 + -1321?
-10032331
In base 7, what is -4021 - 44044?
-51065
In base 13, what is 37690285 + 3?
37690288
In base 2, what is 11 + -101000111100111010101110?
-101000111100111010101011
In base 13, what is -cb86 - 795?
-1064b
In base 11, what is 89943 + -141?
89802
In base 12, what is 25b005 - -1?
25b006
In base 11, what is -10197 + -41a?
-10606
In base 13, what is 2 + -2065901?
-20658cc
In base 11, what is -4 + -235313a9?
-23531402
In base 11, what is -3450148 - -3?
-3450145
In base 16, what is 384c386 + 4?
384c38a
In base 12, what is 0 - 1547004?
-1547004
In base 14, what is -425283 - 6?
-425289
In base 4, what is 1 - 2100201101000?
-2100201100333
In base 16, what is 310 - c9c?
-98c
In base 10, what is -1793009 - -13?
-1792996
In base 5, what is 1 - 222433033?
-222433032
In base 16, what is -4 - -2d38212?
2d3820e
In base 11, what is 2900 + -6695?
-3895
In base 2, what is 100011110110 - -10000110000110?
10101001111100
In base 14, what is -8a + 1cb5d2?
1cb546
In base 2, what is 10000111 + 1110100001111010111?
1110100010001011110
In base 9, what is 1 + 22711735?
22711736
In base 4, what is -10000 - -32022120112?
32022110112
In base 6, what is -103031 - 420?
-103451
In base 5, what is -101 - 104342113?
-104342214
In base 12, what is 2451b5 + -27?
24518a
In base 11, what is 12a94a89 + -12?
12a94a77
In base 13, what is -1c + -18295?
-182b4
In base 10, what is -3810 - 9789?
-13599
In base 16, what is -27 - -8d39f?
8d378
In base 4, what is 120203302323 - -100?
120203303023
In base 11, what is -65 + -158a818?
-158a882
In base 7, what is 1 - -11133112314?
11133112315
In base 4, what is -1032031232212 - 11?
-1032031232223
In base 4, what is 303332231 + -2032?
303330133
In base 14, what is -246 + -6a50?
-6c96
In base 15, what is 13 - e3410?
-e33ec
In base 6, what is -31124542302 - -4?
-31124542254
In base 10, what is 1731283 + 0?
1731283
In base 13, what is 4 + ac20c?
ac213
In base 7, what is -1 - -1125321236?
1125321235
In base 11, what is 829277 + -27?
829250
In base 15, what is -2 - 524444d?
-5244450
In base 2, what is 1111 - -10011000011100111101100?
10011000011100111111011
In base 2, what is 10001110111001010000011 + 0?
10001110111001010000011
In base 6, what is 443534 - -23020?
510554
In base 4, what is -2133100222022 + -1?
-2133100222023
In base 2, what is -1000010000 - 1100100000101011101?
-1100100001101101101
In base 14, what is -287b1b + 0?
-287b1b
In base 11, what is 71301 + 17?
71318
In base 9, what is -43171 + 621?
-42450
In base 12, what is -40b461 - 1?
-40b462
In base 10, what is 3366002 + -5?
3365997
In base 9, what is -35 - 112424634?
-112424670
In base 5, what is 410242440 + -23?
410242412
In base 16, what is 3 + e9803?
e9806
In base 13, what is -7250a1 + 2?
-72509c
In base 3, what is -2012020121 - -10100?
-2012010021
In base 4, what is 31332102 + 2122100?
100120202
In base 11, what is -14860a1 - 49?
-148613a
In base 5, what is 30 + -2401132403?
-2401132323
In base 13, what is 12 + -1770c5?
-1770b3
In base 16, what is b67 + 32df?
3e46
In base 16, what is 10 - -42c227?
42c237
In base 8, what is 0 - -63037527?
63037527
In base 11, what is 3 - -83240596?
83240599
In base 4, what is -3232133013032 - 11?
-3232133013103
In base 16, what is -d8f94a - 1?
-d8f94b
In base 8, what is -2 + 5642767?
5642765
In base 16, what is 686452 - 4?
68644e
In base 14, what is 3 - -32029?
3202c
In base 2, what is 110010100100111000101001 + -10?
110010100100111000100111
In base 10, what is -1495990 + 1?
-1495989
In base 11, what is -522a3104 + -7?
-522a3110
In base 16, what is -1725b - 28a9?
-19b04
In base 11, what is 14858a975 - -5?
14858a97a
In base 14, what is 2768463 + -9?
2768458
In base 13, what is 89043 - -150?
89193
In base 6, what is 154120324 - -5?
154120333
In base 11, what is 30 + -685a371?
-685a341
In base 16, what is a799 + 3ba?
ab53
In base 5, what is 10012 - 1403?
3104
In base 6, what is 10002504 + 1450?
10004354
In base 10, what is 385 - -42475?
42860
In base 7, what is 101534 - 3504?
65030
In base 10, what is 11 - -3069047?
3069058
In base 15, what is -1a9b48 - -1?
-1a9b47
In base 8, what is -3000 + -5021?
-10021
In base 16, what is -15 - 16db0?
-16dc5
In base 2, what is -100 - -1010110110101001110010111?
1010110110101001110010011
In base 12, what is 82b4 + 77?
836b
In base 15, what is 39 - 2e64e7?
-2e64ad
In base 7, what is -3 + 1253332441?
1253332435
In base 12, what is 6ba + 150a1?
1579b
In base 6, what is -13103 - -143143?
130040
In base 4, what is -3011210023 - 20?
-3011210103
In base 14, what is 15 - 67b309?
-67b2d4
In base 11, what is 170507 + -12?
1704a5
In base 11, what is -1 + -63687?
-63688
In base 9, what is -120525631 + 1?
-120525630
In base 11, what is 34 - 80a36?
-80a02
In base 9, what is -1072888 - -252?
-1072636
In base 14, what is 108 - -7db2b?
7dc35
In base 4, what is 101 - -3132003001?
3132003102
In base 7, what is 12 + 40634550?
40634562
In base 12, what is 994 + 13331?
14105
In base 11, what is 39a8827 - 1?
39a8826
In base 11, what is -a590 - 646?
-10126
In base 3, what is 1 + 2020220020120?
2020220020121
In base 12, what is 12399 + 62?
1243b
In base 15, what is 1234410 + 1?
1234411
In base 2, what is -100101 + -1010010101010011000?
-1010010101010111101
In base 5, what is 14433 - -14200040?
14220023
In base 5, what is -13302111 - 210?
-13302321
In base 11, what is 14148a45 + -3?
14148a42
In base 15, what is -16 + 469c4?
469ad
In base 3, what is -10 + 1011211020220?
1011211020210
In base 11, what is -225a77aa + -2?
-225a7801
In base 6, what is 555520120 - 1?
555520115
In base 11, what is -2 + 1a669163?
1a669161
In base 12, what is 87253 - 7?
87248
In base 15, what is -37 + 336b41?
336b09
In base 14, what is -2a513 + -48a?
-2a99d
In base 3, what is -212002100000202 + -20?
-212002100000222
In base 8, what is 2336 + -70654?
-66316
In base 7, what is 1224136 - 436?
1223400
In base 14, what is 13a + -69897?
-6975b
In base 12, what is -2001 - -9269?
7268
In base 8, what is 25 + -35352440?
-35352413
In base 5, what is -1320120222 + 10?
-1320120212
In base 14, what is -84453 + 27b?
-841b6
In base 11, what is -979 - -299a54?
299086
In base 5, what is -40330310 + -12?
-40330322
In base 14, what is 3c33 + 467?
429a
In base 10, what is 20938 - 757?
20181
In base 14, what is 19318b + -1?
19318a
In base 7, what is -6351216 - -12?
-6351204
In base 11, what is -459 + 4702?
4254
In base 8, what is -46411612 - 3?
-46411615
In base 9, what is 3287 + 4525?
7823
In base 9, what is -43282351 + 2?
-43282348
In base 5, what is 3 + -10241444110?
-10241444102
In base 3, what is -22101101001012 + -10?
-22101101001022
In base 9, what is -4 - 15610336?
-1